{"id":780,"date":"2025-05-19T17:59:38","date_gmt":"2025-05-19T15:59:38","guid":{"rendered":"https:\/\/cepice2m.cz\/?post_type=product&#038;p=780"},"modified":"2025-05-19T17:59:39","modified_gmt":"2025-05-19T15:59:39","slug":"celenka-ruzovomodry-melir","status":"publish","type":"product","link":"https:\/\/cepice2m.cz\/index.php\/produkt\/celenka-ruzovomodry-melir\/","title":{"rendered":"\u010celenka r\u016f\u017eovomodr\u00fd mel\u00edr"},"content":{"rendered":"<p>Materi\u00e1l 100% akryl, pod\u0161it\u00e1 fleecem<\/p>\n","protected":false},"excerpt":{"rendered":"<p>Materi\u00e1l 100% akryl, pod\u0161it\u00e1 fleecem<\/p>\n","protected":false},"featured_media":781,"template":"","meta":[],"product_brand":[],"product_cat":[56],"product_tag":[],"class_list":{"0":"post-780","1":"product","2":"type-product","3":"status-publish","4":"has-post-thumbnail","6":"product_cat-celenky-zima","8":"first","9":"instock","10":"shipping-taxable","11":"purchasable","12":"product-type-simple"},"jetpack_sharing_enabled":true,"_links":{"self":[{"href":"https:\/\/cepice2m.cz\/index.php\/wp-json\/wp\/v2\/product\/780","targetHints":{"allow":["GET"]}}],"collection":[{"href":"https:\/\/cepice2m.cz\/index.php\/wp-json\/wp\/v2\/product"}],"about":[{"href":"https:\/\/cepice2m.cz\/index.php\/wp-json\/wp\/v2\/types\/product"}],"wp:featuredmedia":[{"embeddable":true,"href":"https:\/\/cepice2m.cz\/index.php\/wp-json\/wp\/v2\/media\/781"}],"wp:attachment":[{"href":"https:\/\/cepice2m.cz\/index.php\/wp-json\/wp\/v2\/media?parent=780"}],"wp:term":[{"taxonomy":"product_brand","embeddable":true,"href":"https:\/\/cepice2m.cz\/index.php\/wp-json\/wp\/v2\/product_brand?post=780"},{"taxonomy":"product_cat","embeddable":true,"href":"https:\/\/cepice2m.cz\/index.php\/wp-json\/wp\/v2\/product_cat?post=780"},{"taxonomy":"product_tag","embeddable":true,"href":"https:\/\/cepice2m.cz\/index.php\/wp-json\/wp\/v2\/product_tag?post=780"}],"curies":[{"name":"wp","href":"https:\/\/api.w.org\/{rel}","templated":true}]}}

Čelenka růžovomodrý melír

<p>Materiál 100% akryl, podšitá fleecem</p>
