{"id":776,"date":"2025-05-19T17:54:55","date_gmt":"2025-05-19T15:54:55","guid":{"rendered":"https:\/\/cepice2m.cz\/?post_type=product&#038;p=776"},"modified":"2025-05-19T17:54:55","modified_gmt":"2025-05-19T15:54:55","slug":"celenka-ruzovooranzova","status":"publish","type":"product","link":"https:\/\/cepice2m.cz\/index.php\/produkt\/celenka-ruzovooranzova\/","title":{"rendered":"\u010celenka r\u016f\u017eovooran\u017eov\u00e1"},"content":{"rendered":"<p>Materi\u00e1l 100% akryl, pod\u0161it\u00e1 fleecem<\/p>\n","protected":false},"excerpt":{"rendered":"<p>Materi\u00e1l 100% akryl, pod\u0161it\u00e1 fleecem<\/p>\n","protected":false},"featured_media":777,"template":"","meta":[],"product_brand":[],"product_cat":[56],"product_tag":[],"class_list":{"0":"post-776","1":"product","2":"type-product","3":"status-publish","4":"has-post-thumbnail","6":"product_cat-celenky-zima","8":"first","9":"instock","10":"shipping-taxable","11":"purchasable","12":"product-type-simple"},"jetpack_sharing_enabled":true,"_links":{"self":[{"href":"https:\/\/cepice2m.cz\/index.php\/wp-json\/wp\/v2\/product\/776","targetHints":{"allow":["GET"]}}],"collection":[{"href":"https:\/\/cepice2m.cz\/index.php\/wp-json\/wp\/v2\/product"}],"about":[{"href":"https:\/\/cepice2m.cz\/index.php\/wp-json\/wp\/v2\/types\/product"}],"wp:featuredmedia":[{"embeddable":true,"href":"https:\/\/cepice2m.cz\/index.php\/wp-json\/wp\/v2\/media\/777"}],"wp:attachment":[{"href":"https:\/\/cepice2m.cz\/index.php\/wp-json\/wp\/v2\/media?parent=776"}],"wp:term":[{"taxonomy":"product_brand","embeddable":true,"href":"https:\/\/cepice2m.cz\/index.php\/wp-json\/wp\/v2\/product_brand?post=776"},{"taxonomy":"product_cat","embeddable":true,"href":"https:\/\/cepice2m.cz\/index.php\/wp-json\/wp\/v2\/product_cat?post=776"},{"taxonomy":"product_tag","embeddable":true,"href":"https:\/\/cepice2m.cz\/index.php\/wp-json\/wp\/v2\/product_tag?post=776"}],"curies":[{"name":"wp","href":"https:\/\/api.w.org\/{rel}","templated":true}]}}

Čelenka růžovooranžová

<p>Materiál 100% akryl, podšitá fleecem</p>
