{"id":741,"date":"2025-05-19T16:56:46","date_gmt":"2025-05-19T14:56:46","guid":{"rendered":"https:\/\/cepice2m.cz\/?post_type=product&#038;p=741"},"modified":"2025-05-19T16:56:46","modified_gmt":"2025-05-19T14:56:46","slug":"kulich-svetle-modrapiskova","status":"publish","type":"product","link":"https:\/\/cepice2m.cz\/index.php\/produkt\/kulich-svetle-modrapiskova\/","title":{"rendered":"Kulich sv\u011btle modr\u00e1+p\u00edskov\u00e1"},"content":{"rendered":"<p>Materi\u00e1l 100% akryl, pod\u0161ito mikrofleecem<\/p>\n","protected":false},"excerpt":{"rendered":"<p>Materi\u00e1l 100% akryl, pod\u0161ito mikrofleecem<\/p>\n","protected":false},"featured_media":742,"template":"","meta":[],"product_brand":[],"product_cat":[20],"product_tag":[],"class_list":{"0":"post-741","1":"product","2":"type-product","3":"status-publish","4":"has-post-thumbnail","6":"product_cat-kulichy","8":"first","9":"instock","10":"shipping-taxable","11":"purchasable","12":"product-type-simple"},"jetpack_sharing_enabled":true,"_links":{"self":[{"href":"https:\/\/cepice2m.cz\/index.php\/wp-json\/wp\/v2\/product\/741","targetHints":{"allow":["GET"]}}],"collection":[{"href":"https:\/\/cepice2m.cz\/index.php\/wp-json\/wp\/v2\/product"}],"about":[{"href":"https:\/\/cepice2m.cz\/index.php\/wp-json\/wp\/v2\/types\/product"}],"wp:featuredmedia":[{"embeddable":true,"href":"https:\/\/cepice2m.cz\/index.php\/wp-json\/wp\/v2\/media\/742"}],"wp:attachment":[{"href":"https:\/\/cepice2m.cz\/index.php\/wp-json\/wp\/v2\/media?parent=741"}],"wp:term":[{"taxonomy":"product_brand","embeddable":true,"href":"https:\/\/cepice2m.cz\/index.php\/wp-json\/wp\/v2\/product_brand?post=741"},{"taxonomy":"product_cat","embeddable":true,"href":"https:\/\/cepice2m.cz\/index.php\/wp-json\/wp\/v2\/product_cat?post=741"},{"taxonomy":"product_tag","embeddable":true,"href":"https:\/\/cepice2m.cz\/index.php\/wp-json\/wp\/v2\/product_tag?post=741"}],"curies":[{"name":"wp","href":"https:\/\/api.w.org\/{rel}","templated":true}]}}

Kulich světle modrá+písková

<p>Materiál 100% akryl, podšito mikrofleecem</p>
