{"id":734,"date":"2025-05-19T16:44:22","date_gmt":"2025-05-19T14:44:22","guid":{"rendered":"https:\/\/cepice2m.cz\/?post_type=product&#038;p=734"},"modified":"2025-05-19T16:44:32","modified_gmt":"2025-05-19T14:44:32","slug":"kulich-tmave-seda-zelena","status":"publish","type":"product","link":"https:\/\/cepice2m.cz\/index.php\/produkt\/kulich-tmave-seda-zelena\/","title":{"rendered":"Kulich tmav\u011b \u0161ed\u00e1 + zelen\u00e1"},"content":{"rendered":"<p>Materi\u00e1l 100% akryl, pod\u0161it\u00ed mikrofleece<\/p>\n","protected":false},"excerpt":{"rendered":"<p>Materi\u00e1l 100% akryl, pod\u0161it\u00ed mikrofleece<\/p>\n","protected":false},"featured_media":735,"template":"","meta":[],"product_brand":[],"product_cat":[20],"product_tag":[],"class_list":{"0":"post-734","1":"product","2":"type-product","3":"status-publish","4":"has-post-thumbnail","6":"product_cat-kulichy","8":"first","9":"instock","10":"shipping-taxable","11":"purchasable","12":"product-type-simple"},"jetpack_sharing_enabled":true,"_links":{"self":[{"href":"https:\/\/cepice2m.cz\/index.php\/wp-json\/wp\/v2\/product\/734","targetHints":{"allow":["GET"]}}],"collection":[{"href":"https:\/\/cepice2m.cz\/index.php\/wp-json\/wp\/v2\/product"}],"about":[{"href":"https:\/\/cepice2m.cz\/index.php\/wp-json\/wp\/v2\/types\/product"}],"wp:featuredmedia":[{"embeddable":true,"href":"https:\/\/cepice2m.cz\/index.php\/wp-json\/wp\/v2\/media\/735"}],"wp:attachment":[{"href":"https:\/\/cepice2m.cz\/index.php\/wp-json\/wp\/v2\/media?parent=734"}],"wp:term":[{"taxonomy":"product_brand","embeddable":true,"href":"https:\/\/cepice2m.cz\/index.php\/wp-json\/wp\/v2\/product_brand?post=734"},{"taxonomy":"product_cat","embeddable":true,"href":"https:\/\/cepice2m.cz\/index.php\/wp-json\/wp\/v2\/product_cat?post=734"},{"taxonomy":"product_tag","embeddable":true,"href":"https:\/\/cepice2m.cz\/index.php\/wp-json\/wp\/v2\/product_tag?post=734"}],"curies":[{"name":"wp","href":"https:\/\/api.w.org\/{rel}","templated":true}]}}

Kulich tmavě šedá + zelená

<p>Materiál 100% akryl, podšití mikrofleece</p>
