{"id":693,"date":"2025-05-18T18:45:24","date_gmt":"2025-05-18T16:45:24","guid":{"rendered":"https:\/\/cepice2m.cz\/?post_type=product&#038;p=693"},"modified":"2025-05-18T19:26:41","modified_gmt":"2025-05-18T17:26:41","slug":"tlustoska-fialova","status":"publish","type":"product","link":"https:\/\/cepice2m.cz\/index.php\/produkt\/tlustoska-fialova\/","title":{"rendered":"Tlus\u0165o\u0161ka fialov\u00e1"},"content":{"rendered":"<p>Materi\u00e1l 80%akryl + 20 % vlna, nepodflisovan\u00e1<\/p>\n","protected":false},"excerpt":{"rendered":"<p>Materi\u00e1l 80%akryl + 20 % vlna, nepodflisovan\u00e1<\/p>\n","protected":false},"featured_media":694,"template":"","meta":[],"product_brand":[],"product_cat":[58],"product_tag":[],"class_list":{"0":"post-693","1":"product","2":"type-product","3":"status-publish","4":"has-post-thumbnail","6":"product_cat-tlustosky","8":"first","9":"instock","10":"shipping-taxable","11":"purchasable","12":"product-type-simple"},"jetpack_sharing_enabled":true,"_links":{"self":[{"href":"https:\/\/cepice2m.cz\/index.php\/wp-json\/wp\/v2\/product\/693","targetHints":{"allow":["GET"]}}],"collection":[{"href":"https:\/\/cepice2m.cz\/index.php\/wp-json\/wp\/v2\/product"}],"about":[{"href":"https:\/\/cepice2m.cz\/index.php\/wp-json\/wp\/v2\/types\/product"}],"wp:featuredmedia":[{"embeddable":true,"href":"https:\/\/cepice2m.cz\/index.php\/wp-json\/wp\/v2\/media\/694"}],"wp:attachment":[{"href":"https:\/\/cepice2m.cz\/index.php\/wp-json\/wp\/v2\/media?parent=693"}],"wp:term":[{"taxonomy":"product_brand","embeddable":true,"href":"https:\/\/cepice2m.cz\/index.php\/wp-json\/wp\/v2\/product_brand?post=693"},{"taxonomy":"product_cat","embeddable":true,"href":"https:\/\/cepice2m.cz\/index.php\/wp-json\/wp\/v2\/product_cat?post=693"},{"taxonomy":"product_tag","embeddable":true,"href":"https:\/\/cepice2m.cz\/index.php\/wp-json\/wp\/v2\/product_tag?post=693"}],"curies":[{"name":"wp","href":"https:\/\/api.w.org\/{rel}","templated":true}]}}