{"id":689,"date":"2025-05-18T18:34:55","date_gmt":"2025-05-18T16:34:55","guid":{"rendered":"https:\/\/cepice2m.cz\/?post_type=product&#038;p=689"},"modified":"2025-05-18T19:26:16","modified_gmt":"2025-05-18T17:26:16","slug":"celenka-zelenazluta-neon","status":"publish","type":"product","link":"https:\/\/cepice2m.cz\/index.php\/produkt\/celenka-zelenazluta-neon\/","title":{"rendered":"\u010celenka zelen\u00e1+\u017elut\u00e1 neon"},"content":{"rendered":"<p>Materi\u00e1l 100% akryl + mikrofleece<\/p>\n","protected":false},"excerpt":{"rendered":"<p>Materi\u00e1l 100% akryl + mikrofleece<\/p>\n","protected":false},"featured_media":690,"template":"","meta":[],"product_brand":[],"product_cat":[56],"product_tag":[],"class_list":{"0":"post-689","1":"product","2":"type-product","3":"status-publish","4":"has-post-thumbnail","6":"product_cat-celenky-zima","8":"first","9":"instock","10":"shipping-taxable","11":"purchasable","12":"product-type-simple"},"jetpack_sharing_enabled":true,"_links":{"self":[{"href":"https:\/\/cepice2m.cz\/index.php\/wp-json\/wp\/v2\/product\/689","targetHints":{"allow":["GET"]}}],"collection":[{"href":"https:\/\/cepice2m.cz\/index.php\/wp-json\/wp\/v2\/product"}],"about":[{"href":"https:\/\/cepice2m.cz\/index.php\/wp-json\/wp\/v2\/types\/product"}],"wp:featuredmedia":[{"embeddable":true,"href":"https:\/\/cepice2m.cz\/index.php\/wp-json\/wp\/v2\/media\/690"}],"wp:attachment":[{"href":"https:\/\/cepice2m.cz\/index.php\/wp-json\/wp\/v2\/media?parent=689"}],"wp:term":[{"taxonomy":"product_brand","embeddable":true,"href":"https:\/\/cepice2m.cz\/index.php\/wp-json\/wp\/v2\/product_brand?post=689"},{"taxonomy":"product_cat","embeddable":true,"href":"https:\/\/cepice2m.cz\/index.php\/wp-json\/wp\/v2\/product_cat?post=689"},{"taxonomy":"product_tag","embeddable":true,"href":"https:\/\/cepice2m.cz\/index.php\/wp-json\/wp\/v2\/product_tag?post=689"}],"curies":[{"name":"wp","href":"https:\/\/api.w.org\/{rel}","templated":true}]}}

Čelenka zelená+žlutá neon

<p>Materiál 100% akryl + mikrofleece</p>
